343 + 336. Calculate i(3).
42
Let k be (-1404)/91*(-14)/3. Let q(v) = 73*v**2 - 14 + k*v**2 - 14*v - 146*v**2. What is q(-13)?
-1
Let q(d) = -7*d**2 + 18*d - 4. Let z = 0 + 9. Let v(p) = 3*p**2 - 9*p + 1. Let a(g) = z*v(g) + 4*q(g). Calculate a(-9).
-7
Let s be (8/6)/((-5)/15). Let b(i) = -i**3 + 3*i**2 - 1. Let a(r) = -2*r**3 + 3*r - 4. Let m(o) = -a(o) + b(o). Calculate m(s).
-1
Let q(f) = -2*f - f**3 + 3 + 4*f - 1. Suppose -s = 4*b + 23, -457*b + 51 = -460*b - 3*s. Determine q(b).
6
Let s(t) be the second derivative of 1/2*t**3 + 1/6*t**4 - 1/20*t**5 + 1/2*t**2 + 0 + 103*t. Calculate s(4).
-19
Let c(i) = -2*i**3 - 2*i**2 + 3*i + 4. Let j(f) = 2*f**3 - 25*f**2 - 36*f + 303. Let q be j(13). Calculate c(q).
-144
Let s be (-17)/((-459)/(-18))*(1 + -1 - 12). Let k(r) = r**2 + 5*r - 101. Calculate k(s).
3
Let m be 7*(-10 + 11)*1. Let d(c) = -2*c**2 + 5*c + 33. Let s(y) = y**2 - 3*y - 16. Let t(z) = 3*d(z) + 7*s(z). Calculate t(m).
-6
Suppose -3 = -4*v + 5*d - 0, -3*d = -3. Let q(w) = -6*w + 29. What is q(v)?
17
Let d(v) = -4*v**3 - v**2 - v. Let b(x) = 6*x**3 + 26*x**2 + 5*x. Let c(s) = b(s) + 3*d(s). Give c(4).
-8
Let r(l) = 4*l + 13. Let j be 22/(-11) + 1*5 + 251. Let t = 244 - j. Calculate r(t).
-27
Let u(z) be the third derivative of 1/6*z**3 + 0*z + 0 + 1/24*z**4 + z**2 - 1/20*z**5 + 1/120*z**6. Let y = 248 + -246. Determine u(y).
-1
Suppose 4*z + 31 - 7 = 0. Let a = 1012 - 1005. Let t(i) = a*i - 1 + 3*i - 8*i - 9 + 6. Determine t(z).
-16
Let i(x) = x**3 - x**2 + x + 1. Let s be 8/52 + 22/26. Let q(k) = -2*k**3 + 11*k**2 - 4*k + 3. Let w(b) = s*q(b) + 3*i(b). What is w(-8)?
14
Let f = -404 - -407. Let v(b) = -5*b**f - 40*b + 4 + 4 + 32*b - 9*b**2 + 4*b**3. Calculate v(-8).
8
Let v(l) = 6*l**2 + 21*l + 6. Let u(f) = -f**2 - 4*f - 1. Let r(o) = 11*u(o) + 2*v(o). Let n be ((3/3)/(-1))/(2/8). Let d be (0 - 1)/(3 + 16/n). Calculate r(d).
0
Suppose -6*v + 141 = 45. Suppose 4*c = -8 + v. Let g(l) = -l + l**c - 93 + 93. What is g(3)?
6
Suppose -11*h + 16*h = 15. Let g(d) = -2*d**3 + d**2 - d + 3. Let x(k) = -5*k**3 + 2*k**2 - 2*k + 7. Let q(i) = h*x(i) - 7*g(i). What is q(0)?
0
Let m = -6095 - -6099. Let j(l) = -l**2 - 3*l + 10. Determine j(m).
-18
Let d(s) = -7*s**3 - 14 + 6*s**2 - 8*s**3 + 6*s**2 - 11*s. Let n(f) = 11*f - 6*f + 7*f**3 - 6*f**2 - 1624 + 1631. Let h(p) = -6*d(p) - 13*n(p). Give h(6).
-1
Let l(c) = 68*c - 77. Let k(v) = -45*v - 1. Let b(a) = 2*k(a) + l(a). Give b(-3).
-13
Let r be (1 + -219)/(-45 - -46). Let q = -223 - r. Let y(b) = -b**2 - 3*b + 4. Give y(q).
-6
Let x(w) = -34 - 16*w + 4 + 9. Calculate x(-1).
-5
Let f be (-2)/(-5)*1325/106. Let w(g) = g - 3*g + 3*g - 1. Let y(q) = -q + 2. Let n(k) = f*w(k) + 3*y(k). Determine n(-4).
-7
Let p(g) = -7*g - 96. Suppose -s = -6*r + 11*r + 23, -2*s = r + 28. Give p(s).
-5
Let a(p) = 7*p**3 - 48*p**2 + 5*p + 97. Let y(t) = 8*t**3 - 48*t**2 + 6*t + 123. Let b(l) = 5*a(l) - 4*y(l). What is b(16)?
9
Let g be 36/(-8)*212/477. Let s(z) = -z - 10. Give s(g).
-8
Let v = 0 + 0. Let d(t) = t**2 - 5*t**3 - 10*t**3 + 16*t**3 + 9 - 5 - 17*t + 17*t. Calculate d(v).
4
Let g(h) = h**3 - 13*h**2 + 15*h + 2. Let r be g(12). Let k = 62 - r. Suppose 0*j + 21 = 3*d + 2*j, 4*j = -4*d + k. Let x(n) = -n + 9. What is x(d)?
0
Let m(a) = -50*a**3 + 16*a**2 + 22*a + 161. Let l(z) = 16*z**3 - 5*z**2 - 7*z - 51. Let v(k) = -19*l(k) - 6*m(k). Calculate v(2).
-31
Let p(s) = 62 - 14032*s + 7048*s + 1097 + 7217*s. What is p(-5)?
-6
Let g = -311 - -311. Let z be (9 - g) + (0 - 7). Let v(f) = f**3 - 2*f**2 + 3*f - 2. What is v(z)?
4
Let k(a) = 4*a + 1. Let x be ((-1)/(2 - 5))/((-7)/(-63)). Suppose -96*h = -99*h - x. Calculate k(h).
-3
Let x(s) = s**3 + 2*s**3 + 15*s**2 + 14*s - 11 + s**3 - 3*s**3 - 5*s**2. Let n be x(-8). Let r(y) = -y**2 + 5*y + 6. Give r(n).
6
Let s(x) = 9*x - 7*x**2 + 43*x**2 - 2 - 8*x - 42*x**2 - 3*x**2. Let h(j) = j**2 - 5*j - 8. Let t be h(6). What is s(t)?
-40
Let d(g) = -2*g - 11. Let i(f) = 32*f**3 + 4*f**2 - 6*f - 6. Let v be i(3). Let y = 867 - v. Determine d(y).
7
Let q = -13141 + 13151. Let j(v) = v**3 - 9*v**2 - 19*v + 42. Calculate j(q).
-48
Let j(x) = 2*x**3 - 15*x**2 - 4*x - 33. Suppose 85*w + 88 = 96*w. Let i be j(w). Let l(n) = 7*n. Give l(i).
-7
Let o(b) = -b**2 - 6*b + 17. Let x be o(-8). Let f(k) = 2 + 6*k - x - 4*k - 6*k - 7*k. Determine f(2).
-21
Let y(u) = u**2 - 5. Let k(j) be the first derivative of j**3/3 - j**2/2 + 15*j - 194. Let m(i) = -k(i) - 3*y(i). Give m(-1).
-5
Let w(u) = 3*u**2 - 32*u + 51. Let n be w(2). Let y(d) = 61*d**3 + d**2 - 2. Give y(n).
-62
Let p(b) = -3*b + 6. Let w be ((-6)/7)/(27/(-1323)). Suppose 72*i + w = 79*i. Calculate p(i).
-12
Let g be (-4 - (6 - 16)) + 13. Let k(l) = g - 2*l - 36 - l + 15. Determine k(-3).
7
Let w be 13/(-13 + 26)*3. Let d(s) be the third derivative of 5/24*s**4 + w*s**2 - 2/3*s**3 + 0*s + 0. Determine d(3).
11
Let q(t) = -t**2 + 3*t - 1. Let n(x) be the first derivative of 5*x**3/3 + 3*x**2/2 + 2*x - 2. Let g be ((-147)/(-735))/(1 + (-6)/5). Let a be n(g). Give q(a).
-5
Let m be ((-5)/15)/((-11)/(-396)*-4). Let n(t) be the first derivative of -2*t**2 + 4*t + 1. What is n(m)?
-8
Let b(v) = -v**3 + 6*v**2 - 6. Suppose -7*l = 3*o - 8*l - 8, 4*o + 3*l - 15 = 0. Suppose 37 = 5*m + 4*c - 5, o*c = 5*m - 21. Determine b(m).
-6
Let m(z) = 9*z. Let o be -5 - 94*1*10/(-20). Suppose -2 = o*x - 40*x. Give m(x).
-9
Let a(x) = -1225*x + 2430*x - 172 - 1212*x. Give a(-25).
3
Let w = -1722 - -1722. Let m(h) be the third derivative of -17*h**2 - 1/15*h**5 + 1/6*h**3 - 1/12*h**4 + 0 + w*h. Give m(1).
-5
Let u(o) = o + 3. Let x be u(-2). Let z be 12/(-4)*x*(-2)/2. Let l(t) = t**2 - 3*t + 5. What is l(z)?
5
Let w(x) = -7*x**2 + 3*x. Let c(h) = -3*h**2 + 4*h. Let b(g) = -g. Let t(u) = -2*b(u) - c(u). Let r(l) = -9*t(l) - 4*w(l). Calculate r(-4).
-8
Let r(s) = -s**3 + 4*s**2 + 5*s. Let x be r(5). Let g be 2 - (-16)/(x + -4). Let q(p) = -2*p**2 + 56*p + 0*p**3 - 57*p - 3*p**3 + 2 + 2*p**3. Determine q(g).
4
Let o be -5 - (7 - 10) - -6. Let l(a) = -2*a - o*a + 8 + 5*a + 1. What is l(10)?
-1
Let l be 1/(-3)*(0 - 21). Let k = -3555 - -5181. Let r(g) = -10 + 0*g**2 + 1622*g - k*g + g**2. What is r(l)?
11
Let b(k) = 15*k + 5*k + 14*k - 117 - 55 - k**2 - 5*k. Determine b(21).
-4
Let j(n) = -15*n - 4. Suppose 0*o - 15*o = -60. Determine j(o).
-64
Let q(c) = 5*c**2 + 31*c - 1. Let s(i) = i**3 + i**2 - 13*i - 3. Let g be s(3). Let f be q(g). Let x(t) = -t**3 - 8*t**2 - 6*t + 10. Give x(f).
3
Let v(u) = u**2 + 21*u + 69. Suppose -201 = 6*b - 2*b - 129. What is v(b)?
15
Let q(r) be the first derivative of r**4/4 - 5*r**3/3 - 7*r - 23. Let h be -11 - -21 - (4 - -1). Determine q(h).
-7
Let r(u) be the second derivative of u**4/4 + u**3/3 + u**2/2 - u. Suppose 3 = -b + 3*a, 5*a - 106 = -91. Let s be ((-333)/27 - -12)/(2/b). Determine r(s).
2
Let a(l) be the first derivative of -5*l**2 - 94*l + 441. Determine a(-9).
-4
Let t(x) = -x**3 - 4*x**2 - 2*x + 0 + 1 - 3*x**2. Suppose 60*u = 4157 - 4577. Give t(u).
15
Let p(l) be the third derivative of l**5/60 - 19*l**4/24 + 17*l**3/3 - 5856*l**2. What is p(18)?
16
Let k(r) = r**2 + 1. Let w(g) = 11*g**2 + 10*g**2 - 1 - 28*g**2 + 10*g**2. Let h(d) = 2*k(d) - w(d). Give h(2).
-1
Let s(w) = 8*w - 290. Suppose -2*i + 86 = -4*d, -478*d - 157 = -4*i - 475*d. Calculate s(i).
6
Let x(y) = y**3 + 25*y**2 + 29. Let f = 13492 - 13517. Calculate x(f).
29
Let r(k) = 13*k + 5. Let q be r(-1). Let y be 6/q - 171/76. Let j be -1*3*8/y. Let i(p) = p**3 - 9*p**2 + 6*p + 10. Calculate i(j).
-6
Let a = 1867 - 1863. Let h(w) = 2*w**3 + w**2 - 6*w - 6. Let u(d) = -d**3 - d**2 + 3*d + 3. Let o(j) = 4*h(j) + 7*u(j). Calculate o(a).
1
Let o(p) = -406*p + 4 + 202*p + 208*p. Let z be 9/(-3)*(-4)/(-3). Give o(z).
-12
Let l(a) be the third derivative of -a**6/120 + a**5/12 - a**4/12 + a**3 - 917*a**2. Calculate l(4).
14
Let r be 1380/552*((-3)/5)/(18/(-12)). Let d(c) = -13*c**3 + 3*c**2 - 3*c. Determine d(r).
-13
Let k(t) = t**3 + 12*t**2 - 13*t - 6. Let d be 4*91/84*(-21)/(3 + 4). What is k(d)?
-6
Let d(w) = -8*w - 18. Let x be d(-11). Suppose -34*z + x = -27*z. Let m(k) = k - 2. Give m(z).
8
Let t(w) be the first derivative of -1/24*w**4 + 5*w**2 - 7/6*w**3 + 0*w - 14. Let r(x) be the second derivative of t(x). Calculate r(5).
-12
Let g(f) = -3*f -